{"id":1130,"date":"2019-03-28T20:43:21","date_gmt":"2019-03-28T20:43:21","guid":{"rendered":"http:\/\/carthage-tech.net\/demo\/garden\/?page_id=1130"},"modified":"2019-03-28T20:43:21","modified_gmt":"2019-03-28T20:43:21","slug":"arche-et-support","status":"publish","type":"page","link":"https:\/\/gardenamenagement.com\/?page_id=1130","title":{"rendered":"Arche et support"},"content":{"rendered":"<div class=\"wpb-content-wrapper\"><p>[vc_row][vc_column width=\u00a0\u00bb1\/2&Prime;]<div id=\"cz_107765\" class=\"cz_107765 cz_title clr cz_title_pos_inline tac\"><div class=\"cz_title_shape shape_text cz_shape_1\">AM\u00c9NAGEMENT EXT\u00c9RIEUR<\/div><div class=\"cz_title_content\"><div class=\"cz_wpe_content\"><p style=\"text-align: center\"><span style=\"font-family: Montserrat;font-size: 36px;color: #666666;font-weight: 300\"><span style=\"color: #8a40a5\">ARCHE ET SUPPORT<\/span> <\/span><\/p>\n<\/div><\/div><\/div>[vc_empty_space height=\u00a0\u00bb50px\u00a0\u00bb][vc_column_text]Mettez votre mur ou votre all\u00e9e de jardin en valeur gr\u00e2ce \u00e0 notre gamme d&rsquo;arches et de panneaux treillis.<\/p>\n<p>Pour les habiller et leurs donner une touche de romantisme \u00e0 votre jardin, faites grimper dans la structure, du lierre ou ch\u00e8vrefeuille au parfum envo\u00fbtant.[\/vc_column_text][\/vc_column][vc_column width=\u00a0\u00bb1\/2&Prime;][vc_row_inner][vc_column_inner width=\u00a0\u00bb1\/2&Prime;][vc_single_image image=\u00a0\u00bb1131&Prime; img_size=\u00a0\u00bbmedium\u00a0\u00bb alignment=\u00a0\u00bbcenter\u00a0\u00bb][vc_column_text css=\u00a0\u00bb.vc_custom_1553804954316{margin-top: -20px !important;}\u00a0\u00bb]<\/p>\n<p style=\"text-align: center\"><strong>Arches en Bois<\/strong><\/p>\n<p>[\/vc_column_text][\/vc_column_inner][vc_column_inner width=\u00a0\u00bb1\/2&Prime;][vc_single_image image=\u00a0\u00bb1132&Prime; img_size=\u00a0\u00bbmedium\u00a0\u00bb alignment=\u00a0\u00bbcenter\u00a0\u00bb][vc_column_text css=\u00a0\u00bb.vc_custom_1553804979694{margin-top: -20px !important;}\u00a0\u00bb]<\/p>\n<p style=\"text-align: center\"><strong>Arches M\u00e9talliques<\/strong><\/p>\n<p>[\/vc_column_text][\/vc_column_inner][\/vc_row_inner][\/vc_column][\/vc_row][vc_row][vc_column width=\u00a0\u00bb1\/4&Prime;][vc_single_image image=\u00a0\u00bb1140&Prime; img_size=\u00a0\u00bbmedium\u00a0\u00bb alignment=\u00a0\u00bbcenter\u00a0\u00bb][vc_column_text css=\u00a0\u00bb.vc_custom_1553805112900{margin-top: -20px !important;}\u00a0\u00bb]<\/p>\n<p style=\"text-align: center\"><strong>Treillis Eventail<\/strong><\/p>\n<p>[\/vc_column_text][\/vc_column][vc_column width=\u00a0\u00bb1\/4&Prime;][vc_single_image image=\u00a0\u00bb1141&Prime; img_size=\u00a0\u00bbmedium\u00a0\u00bb alignment=\u00a0\u00bbcenter\u00a0\u00bb][vc_column_text css=\u00a0\u00bb.vc_custom_1553805576067{margin-top: -20px !important;}\u00a0\u00bb]<\/p>\n<p style=\"text-align: center\"><strong>Treillis Extensible<\/strong><\/p>\n<p>[\/vc_column_text][\/vc_column][vc_column width=\u00a0\u00bb1\/4&Prime;][vc_single_image image=\u00a0\u00bb1142&Prime; img_size=\u00a0\u00bbmedium\u00a0\u00bb alignment=\u00a0\u00bbcenter\u00a0\u00bb][vc_column_text css=\u00a0\u00bb.vc_custom_1553805765494{margin-top: -20px !important;}\u00a0\u00bb]<\/p>\n<p style=\"text-align: center\"><strong>Panneau Treillis Droit<br \/>\n<\/strong><\/p>\n<p>[\/vc_column_text][\/vc_column][vc_column width=\u00a0\u00bb1\/4&Prime;][vc_single_image image=\u00a0\u00bb1143&Prime; img_size=\u00a0\u00bbmedium\u00a0\u00bb alignment=\u00a0\u00bbcenter\u00a0\u00bb][vc_column_text css=\u00a0\u00bb.vc_custom_1553805777083{margin-top: -20px !important;}\u00a0\u00bb]<\/p>\n<p style=\"text-align: center\"><strong>Panneau Treillis Arrondi<br \/>\n<\/strong><\/p>\n<p>[\/vc_column_text][\/vc_column][\/vc_row]<\/p>\n<\/div>","protected":false},"excerpt":{"rendered":"<p>[vc_row][vc_column width=\u00a0\u00bb1\/2&Prime;][vc_empty_space height=\u00a0\u00bb50px\u00a0\u00bb][vc_column_text]Mettez votre mur ou votre all\u00e9e de jardin en &#8230; <\/p>\n","protected":false},"author":1,"featured_media":0,"parent":0,"menu_order":0,"comment_status":"closed","ping_status":"closed","template":"","meta":{"footnotes":""},"class_list":["post-1130","page","type-page","status-publish","hentry"],"_links":{"self":[{"href":"https:\/\/gardenamenagement.com\/index.php?rest_route=\/wp\/v2\/pages\/1130","targetHints":{"allow":["GET"]}}],"collection":[{"href":"https:\/\/gardenamenagement.com\/index.php?rest_route=\/wp\/v2\/pages"}],"about":[{"href":"https:\/\/gardenamenagement.com\/index.php?rest_route=\/wp\/v2\/types\/page"}],"author":[{"embeddable":true,"href":"https:\/\/gardenamenagement.com\/index.php?rest_route=\/wp\/v2\/users\/1"}],"replies":[{"embeddable":true,"href":"https:\/\/gardenamenagement.com\/index.php?rest_route=%2Fwp%2Fv2%2Fcomments&post=1130"}],"version-history":[{"count":0,"href":"https:\/\/gardenamenagement.com\/index.php?rest_route=\/wp\/v2\/pages\/1130\/revisions"}],"wp:attachment":[{"href":"https:\/\/gardenamenagement.com\/index.php?rest_route=%2Fwp%2Fv2%2Fmedia&parent=1130"}],"curies":[{"name":"wp","href":"https:\/\/api.w.org\/{rel}","templated":true}]}}